83589 is divided by 22.
21
Calculate the remainder when 395953 is divided by 26.
25
Calculate the remainder when 6818033 is divided by 68.
13
Calculate the remainder when 3845411 is divided by 378.
17
Calculate the remainder when 4299920 is divided by 5443.
5393
What is the remainder when 588204 is divided by 103?
74
What is the remainder when 11059734 is divided by 39?
36
Calculate the remainder when 9478451 is divided by 1782.
1775
What is the remainder when 435850 is divided by 2423?
2133
What is the remainder when 756289 is divided by 282?
247
Calculate the remainder when 19599 is divided by 3779.
704
What is the remainder when 435134 is divided by 2052?
110
Calculate the remainder when 30275677 is divided by 6055132.
17
What is the remainder when 225759196 is divided by 19?
18
Calculate the remainder when 1052007 is divided by 262888.
455
What is the remainder when 1102617 is divided by 181?
146
Calculate the remainder when 9098 is divided by 3027.
17
Calculate the remainder when 3145753 is divided by 4303.
260
What is the remainder when 396996066 is divided by 10?
6
Calculate the remainder when 3003604 is divided by 25240.
44
Calculate the remainder when 287917 is divided by 401.
400
Calculate the remainder when 4664495 is divided by 1554739.
278
What is the remainder when 3352630 is divided by 1117520?
70
Calculate the remainder when 32047 is divided by 15658.
731
What is the remainder when 349810 is divided by 1796?
1386
What is the remainder when 228422 is divided by 20758?
84
What is the remainder when 1437287 is divided by 50?
37
Calculate the remainder when 2377532 is divided by 75.
32
Calculate the remainder when 277438 is divided by 2024.
150
Calculate the remainder when 6352240 is divided by 3022.
3018
What is the remainder when 2627238 is divided by 656795?
58
Calculate the remainder when 2244720 is divided by 137.
112
What is the remainder when 7350819 is divided by 3675379?
61
What is the remainder when 172028 is divided by 85976?
76
Calculate the remainder when 38917946 is divided by 130.
106
What is the remainder when 8860 is divided by 795?
115
Calculate the remainder when 1299248 is divided by 70.
48
Calculate the remainder when 102283608 is divided by 25570900.
8
What is the remainder when 5064786 is divided by 1298?
1288
What is the remainder when 427433 is divided by 142171?
920
Calculate the remainder when 6174295 is divided by 2977.
2974
Calculate the remainder when 3660 is divided by 264.
228
Calculate the remainder when 773390 is divided by 145.
105
What is the remainder when 1751222 is divided by 539?
11
What is the remainder when 2549889 is divided by 540?
9
What is the remainder when 144981 is divided by 831?
387
Calculate the remainder when 79788492 is divided by 39894240.
12
What is the remainder when 296675 is divided by 2773?
2737
Calculate the remainder when 6964774 is divided by 5804.
5778
What is the remainder when 118161 is divided by 212?
77
Calculate the remainder when 216988626 is divided by 429.
426
What is the remainder when 5847 is divided by 3194?
2653
Calculate the remainder when 13201339 is divided by 4215.
4174
What is the remainder when 458514358 is divided by 290?
288
What is the remainder when 379581 is divided by 2145?
2061
What is the remainder when 124850 is divided by 24927?
215
Calculate the remainder when 180852 is divided by 25706.
910
Calculate the remainder when 13153858 is divided by 29.
9
Calculate the remainder when 24490950 is divided by 6122733.
18
What is the remainder when 69521 is divided by 83?
50
Calculate the remainder when 404912277 is divided by 590.
587
What is the remainder when 779358 is divided by 4584?
78
What is the remainder when 59429 is divided by 2713?
2456
Calculate the remainder when 6996432 is divided by 538184.
40
Calculate the remainder when 68356174 is divided by 1180.
1134
What is the remainder when 96944 is divided by 31779?
1607
What is the remainder when 44087368 is divided by 11021840?
8
Calculate the remainder when 1249202 is divided by 3123.
2
Calculate the remainder when 295866 is divided by 295724.
142
Calculate the remainder when 366192 is divided by 196.
64
Calculate the remainder when 72446216 is divided by 989.
977
What is the remainder when 96914 is divided by 93764?
3150
Calculate the remainder when 1610541 is divided by 3579.
3570
What is the remainder when 7587964 is divided by 11?
10
Calculate the remainder when 10425142 is divided by 1464.
1462
What is the remainder when 40643 is divided by 11323?
6674
What is the remainder when 3582473 is divided by 2760?
2753
What is the remainder when 155115 is divided by 4569?
4338
What is the remainder when 313059 is divided by 103?
42
Calculate the remainder when 594321 is divided by 7618.
117
What is the remainder when 104287 is divided by 1354?
29
What is the remainder when 32790474 is divided by 3643383?
27
What is the remainder when 5157564 is divided by 1004?
16
Calculate the remainder when 407897 is divided by 14565.
77
What is the remainder when 27912 is divided by 4529?
738
What is the remainder when 40552575 is divided by 99?
96
What is the remainder when 19113296 is divided by 41?
39
Calculate the remainder when 217536298 is divided by 20.
18
Calculate the remainder when 4862474 is divided by 304.
298
What is the remainder when 43073561 is divided by 221?
219
Calculate the remainder when 11817 is divided by 10725.
1092
What is the remainder when 2576906 is divided by 515341?
201
What is the remainder when 74923264 is divided by 5372?
5352
What is the remainder when 1611496 is divided by 536662?
1510
What is the remainder when 17605503 is divided by 38?
27
Calculate the remainder when 175466993 is divided by 209.
207
Calculate the remainder when 639607 is divided by 4244.
3007
What is the remainder when 67988 is divided by 2620?
2488
Calculate the remainder when 58721592 is divided by 23.
16
Calculate the remainder when 4254397 is divided by 3342.
31
What is the remainder when 15962706 is divided by 7981345?
16
What is the remainder when 404978631 is divided by 2096?
2087
Calculate the remainder when 105868 is divided by 3497.
958
What is the remainder when 110342 is divided by 53447?
3448
Calculate the remainder when 840471 is divided by 1610.
51
What is the remainder when 40173 is divided by 4406?
519
Calculate the remainder when 238231 is divided by 4.
3
What is the remainder when 55600724 is divided by 1082?
1072
What is the remainder when 244605 is divided by 40688?
477
Calculate the remainder when 284435 is divided by 7.
4
What is the remainder when 147463360 is divided by 59?
58
What is the remainder when 6784556 is divided by 521878?
142
Calculate the remainder when 10076 is divided by 4839.
398
What is the remainder when 477315 is divided by 7698?
39
Calculate the remainder when 6026 is divided by 5308.
718
Calculate the remainder when 1910 is divided by 266.
48
What is the remainder when 2663413 is divided by 460?
13
Calculate the remainder when 2940590 is divided by 20141.
4
What is the remainder when 266640 is divided by 325?
140
Calculate the remainder when 1017644 is divided by 188.
0
Calculate the remainder when 28972119 is divided by 1609561.
21
What is the remainder when 2944648 is divided by 670?
668
Calculate the remainder when 491040 is divided by 266.
4
What is the remainder when 64526914 is divided by 16914?
4
What is the remainder when 5043827 is divided by 7374?
11
Calculate the remainder when 143267 is divided by 143261.
6
Calculate the remainder when 12636 is divided by 852.
708
What is the remainder when 2959675 is divided by 450?
25
What is the remainder when 7363429 is divided by 7363422?
7
What is the remainder when 1142896 is divided by 4684?
0
What is the remainder when 106515 is divided by 106437?
78
What is the remainder when 361183 is divided by 494?
69
What is the remainder when 4946224 is divided by 618275?
24
Calculate the remainder when 202024 is divided by 39589.
4079
What is the remainder when 135002474 is divided by 78?
74
What is the remainder when 28358601 is divided by 10042?
10035
What is the remainder when 228982354 is divided by 1294?
1290
Calculate the remainder when 14358381 is divided by 729.
726
Calculate the remainder when 21478 i